t common divisor of h and 132.
33
Suppose 3*w - 3*x - 170 - 106 = 0, -w = -3*x - 96. What is the highest common factor of 10 and w?
10
Let q be (4 - 15) + 6 + 2466. Calculate the greatest common factor of q and 23.
23
Let x(n) = n**3 - 13*n**2 + 13*n - 10. Let b be x(12). Suppose 4*z = -2*d + 16, 0 = 5*z + b*d - d - 14. Calculate the greatest common factor of z and 2.
2
Let h(p) = -4*p**2 + p**2 + 30 + p**2 + 20*p + p**2. Let a be h(21). Suppose -6*x + 18 = -4*x. What is the greatest common factor of a and x?
9
Suppose -o + 2106 = 12*o. Suppose -a - 108 = -7*a. What is the highest common divisor of a and o?
18
Let k = 100 - 90. What is the greatest common divisor of k and 2110?
10
Let l = -217 - -256. Let x(v) = -v**3 - 3*v**2 - 12*v + 1. Let z be x(-4). What is the highest common divisor of z and l?
13
Suppose 135 = -6*g + 9*g. Suppose -3*m + g = -0*m. What is the highest common divisor of 20 and m?
5
Let b be (-381)/(-6) + (-12)/312*-13. Calculate the greatest common factor of 64 and b.
64
Suppose 372 - 2062 = -26*v. Calculate the greatest common divisor of v and 1495.
65
Let z(n) be the third derivative of 9*n**4/8 - 23*n**3/2 - n**2 + 9. Let u be z(5). What is the greatest common divisor of u and 44?
22
Let k(v) = -v**3 - 4 + 2 - 4*v + 5*v**2 + 3. Let a be k(4). What is the highest common factor of 1 and a?
1
Let x = -524 - -660. What is the greatest common factor of 102 and x?
34
Let s = 6 - -6. Let x(i) = 5*i**2 - 4*i - 4. Let y be x(-2). Calculate the highest common factor of s and y.
12
Let i(w) = -6*w**2 - 4*w**2 - w**3 - 10*w + 0 + 0. Let r be i(-9). Let h be ((-9)/(-15) - 0)/((-2)/(-30)). Calculate the highest common divisor of r and h.
9
Suppose 70*d - 1296 = -2*d. Let g = -5 + -13. Let k be 3/((2*-1)/g). Calculate the greatest common divisor of d and k.
9
Let q = 1 + 16. Suppose -15*w + q*w - 116 = 0. Calculate the highest common divisor of 145 and w.
29
Suppose 5*p - 270 = 2*v + v, 5*p - v - 280 = 0. What is the greatest common divisor of 19 and p?
19
Suppose 14*p + 366 - 1248 = 0. What is the greatest common divisor of p and 63?
63
Let x = 5 - 1. Suppose c + 8 = -3*j, c - 3*j - x = 3*c. Let p = -280 + 290. Calculate the greatest common factor of c and p.
2
Let k(l) = -l**3 + 6*l**2 + 2*l - 8. Let b = 8 + -2. Let p be k(b). Calculate the highest common factor of 20 and p.
4
Let m(i) = -i**2 + 7*i + 11. Let j be m(9). Let c(u) = -u**2 + 6. Let t be c(-5). Let z = j - t. Calculate the greatest common factor of 12 and z.
12
Let s be (17 - 4)*4 - (0 - 4). What is the highest common factor of 84 and s?
28
Suppose 138 - 118 = -4*z. Let k be (z + 95/15)*111. What is the highest common factor of 37 and k?
37
Suppose 2*g = 3*r + 579, 5*r - 9*r + 911 = 3*g. Calculate the greatest common divisor of 11 and g.
11
Suppose 2*h = h + 1. Let z(b) = -31*b + 256. Let i be z(8). Calculate the greatest common factor of i and h.
1
Suppose 3*z - 178 + 169 = 0. Suppose 5*p + 3 = 8. What is the greatest common divisor of p and z?
1
Suppose -78 = 18*n - 19*n. Let d(a) = -26*a. Let z be d(-1). What is the highest common divisor of z and n?
26
Suppose 2*d + 25 = 2*i + 7*d, 4 = 4*d. Suppose -2*f - 41 = -3*y - 39, 5*f - 9 = 4*y. Calculate the highest common divisor of i and f.
5
Let f = -15 - -16. Let b = -25 - -61. Suppose -h = f, -4*v + 109 = -h + b. Calculate the greatest common divisor of v and 162.
18
Let t(n) = n - 3. Let b be t(10). Let i be 150/(6/63*b). Calculate the greatest common factor of i and 90.
45
Let y(a) = -a - 7. Let q be y(-11). Suppose -3*r = -4*l + 279, q*r - 140 = -5*l + 232. Calculate the highest common factor of l and 9.
9
Let p = 2778 - 1887. What is the greatest common divisor of p and 198?
99
Suppose -2*v + 43 + 30 = p, p - 70 = v. Suppose -p = -s - 0*s - 4*d, -297 = -4*s - 3*d. Calculate the highest common factor of 45 and s.
15
Let x be (-46)/(-10) - 9/15. Let a be (8/5)/(10/(-25)). Let z be 1 - -2 - (-8)/a. Calculate the greatest common divisor of z and x.
1
Let a = 17 + -36. Let s = -7 - a. Calculate the highest common divisor of 8 and s.
4
Let m(z) = z**2 - 10*z - 11. Let n be m(13). Let d(t) = 15*t**2 - 3*t - 4. Let c be d(-3). Calculate the highest common factor of c and n.
28
Suppose -37*k + 1824 = -36*k - q, 0 = 2*k - 3*q - 3648. Calculate the greatest common divisor of k and 114.
114
Let g be (648/(-48))/((-1)/10). What is the greatest common factor of g and 216?
27
Let p = -37 + 67. Suppose 9*n = 3*n + p. Suppose -20 = -o - 5*r, -3*o + 5*o - 55 = n*r. What is the greatest common factor of o and 5?
5
Let n(v) = v**2 + 3*v + 1. Let x be n(-4). Suppose -h + x*h = 76. Let p(r) = 93*r - 163. Let z be p(4). Calculate the greatest common divisor of h and z.
19
Suppose 29*z = 2305 + 1001. What is the greatest common factor of z and 24?
6
Let j(v) = v**3 - 6*v**2 - 9*v + 8. Let h be j(7). Let p(l) = -2*l - 3. Let a be p(h). Calculate the greatest common factor of 99 and a.
9
Suppose -2*z - 4 = -2, -5*c + 34 = -4*z. Let w = 4537 - 4495. What is the greatest common divisor of w and c?
6
Let f = 219 - 72. Let x be (-231)/f - 8/(-14). Let o be 0 + 3 - (-53 - x). What is the highest common factor of 5 and o?
5
Let a(o) = o**2 - 45*o + 95. Let l be a(44). What is the greatest common factor of l and 17?
17
Suppose -4*y + 4389 = 15*y. Calculate the greatest common factor of 42 and y.
21
Suppose 4*a = j + 148, -5*a + 2*j = -9*a + 136. What is the greatest common divisor of 4 and a?
4
Let y(i) = 4*i**2 + 14*i + 6. Let g be y(-7). Calculate the greatest common divisor of g and 78.
26
Let a be 277 - 12/6*1. Calculate the greatest common divisor of 165 and a.
55
Let w(j) = j**3 + 17*j**2 - 39*j - 11. Let p be w(-19). Let n = p - 0. What is the highest common divisor of n and 8?
8
Suppose -5*t + 10 = 0, -2*r = -4*r + t + 42. Suppose -v = -5*v + 36. Suppose 4*c + 330 = v*c. Calculate the highest common factor of c and r.
22
Let k = -176 + 308. What is the greatest common factor of k and 66?
66
Let y = 10 - 6. Let b be (-21 + 31)*(-3)/(-5). Suppose 0 = -3*g - 5*j + 15 + b, 3*j + 9 = 0. Calculate the greatest common factor of y and g.
4
Suppose 0 = 3*d + 4*p + 17, 5*p = d + 1 - 8. Let u = 14 + d. Let f = 750 - 662. What is the highest common divisor of u and f?
11
Let p = 1142 + -1066. Calculate the greatest common factor of 57 and p.
19
Let x be 2/(-6)*2*(-2121)/14. Suppose -4*r = x - 533. Calculate the highest common factor of 72 and r.
36
Let r = 1523 + -1431. What is the greatest common factor of r and 23?
23
Let v be (0 - 0) + (-1 - 5). Let b(j) = -8*j + 11. Let h be b(4). Let n be (v/4)/(h/140). What is the highest common divisor of n and 2?
2
Let y be 28/(-6)*(-72)/28. Suppose 0 = 3*g - y, r - 3*g + 3 = -g. Let t = 69 - 44. What is the greatest common divisor of r and t?
5
Let h = -265 + 180. Let j = h + 145. What is the greatest common divisor of j and 40?
20
Let m(x) be the first derivative of -x**4/4 - 2*x**3 - 4*x**2 - 6*x + 1. Let v be m(-5). Let s = -168 + 240. What is the highest common factor of s and v?
9
Let r = 76 + -106. Let j = r - -182. Calculate the highest common divisor of 19 and j.
19
Suppose -4*r + 25 = -95. Let o = -2 + r. What is the highest common divisor of o and 224?
28
Let r be 1/8 - (-1438)/16. Let g be (-12)/5*r/27. Let a be (1 - 21)/(2/g). What is the highest common factor of a and 8?
8
Let s = 290 + -192. Let z = -311 + 325. Calculate the highest common factor of z and s.
14
Let f(p) = p + 8. Let x be f(-8). Let y be 123 + 2/(-1) + x. What is the greatest common factor of y and 11?
11
Let o be 1540 - (-10)/((-2)/(0 - 1)). What is the highest common divisor of 15 and o?
15
Suppose -9*u + 408 = -915. What is the highest common factor of 7 and u?
7
Let q(a) = -a**3 - 24*a**2 + 15*a - 87. Let w be q(-27). Calculate the highest common factor of 15 and w.
15
Suppose -3*v + 458 = 2*h, 3*h + 635 = 4*v + 30. Calculate the highest common factor of v and 114.
38
Let y be -3 + 2 + 3 + 1. Suppose -4*j = -y*j - 6. Calculate the greatest common divisor of j and 42.
6
Suppose -4*m + 5*m + 5*r = 89, 0 = 4*m + 2*r - 302. Let v = 90 - m. Calculate the highest common factor of v and 176.
16
Let v(i) = i**3 - 10*i**2 + 9*i + 10. Let w = 30 - 21. Let c be v(w). Calculate the highest common factor of c and 4.
2
Let q be (27 - 3